{"id":2,"date":"2016-05-10T03:48:21","date_gmt":"2016-05-10T03:48:21","guid":{"rendered":"http:\/\/142.132.203.237\/~boksehis\/test\/?page_id=2"},"modified":"2019-11-30T19:20:15","modified_gmt":"2019-11-30T19:20:15","slug":"sample-page","status":"publish","type":"page","link":"https:\/\/boksehistorie.dk\/?page_id=2","title":{"rendered":"Om BOKSEHISTORIE.DK"},"content":{"rendered":"<p>De senere \u00e5r har boksesporten herhjemme v\u00e6ret under en gradvis afvikling. I USA kan en tilsvarende udvikling ses; boksning d\u00f8r stille og roligt ud p\u00e5 bekostning af mere moderne kampsport &#8211; mixed martial arts, MMA.<\/p>\n<p>Jeg er for l\u00e6ngst holdt op med at begr\u00e6de denne \u00e6ndring af boksningens status. Jeg har fulgt MMA-sporten, og selv ud\u00f8vet den, i en l\u00e6ngere \u00e5rr\u00e6kke &#8211; og ser dette som en naturlig udvikling for kampsport, at boksning indlemmes som et delelement i noget med et st\u00f8rre spektrum.<\/p>\n<p>Efter min opfattelse fjerner det ikke tidligere tiders bedrifter i boksesporten. Tv\u00e6rtimod vil de dedikerede boksere, der leverede unikke pr\u00e6stationer i ringen, kunne st\u00e5 som s\u00e6rlige fyrt\u00e5rn i sportshistorien, med pr\u00e6stationer og anekdoter, der aldrig vil gentages.<\/p>\n<p>Jeg t\u00e6nker ind imellem selv tilbage p\u00e5 noget der nu blot er minder. I midten af 1990&#8217;erne startede jeg Danmarks f\u00f8rste hjemmeside om dansk professionel boksning. Med nutidens m\u00e5lestok et yderst primitivt site &#8211; og det lykkedes mig heller ikke at overbevise promotor Mogens Palle om det v\u00e6sentlige i, at resultater, fotos og beskrivelser af tidens profiler blev promoveret via et moderne medie dedikeret til dansk boksning.<\/p>\n<p>Efter nogen tid kanaliserede jeg min energi til den tidlige danske boksehistorie. Efter udgivelsen af <em>De Glemte Helte<\/em> var det en naturlig forl\u00e6ngelse at etablere et nyt site i form af Dansk Bokse-Research. Da jeg begyndte at bruge min fritid p\u00e5 at klarg\u00f8re <em>Det Danske Bokseregister<\/em> valgte jeg dog at afvikle dette site efter nogle \u00e5r.<\/p>\n<p>Imidlertid har jeg en del materiale liggende, som jeg synes burde v\u00e6re tilg\u00e6ngelig for de som m\u00e5tte fange interesse for hvordan kampsport i form af boksning f\u00f8rste gang fik fodf\u00e6ste i Danmark. Derfor er BOKSEHISTORIE.DK dedikeret til de entusiaster og nysgerrige, som er med til at holde mindet om dansk boksnings ungdom i live.<\/p>\n<p>Ren\u00e9 Villadsen, 2018<\/p>\n","protected":false},"excerpt":{"rendered":"<p>De senere \u00e5r har boksesporten herhjemme v\u00e6ret under en gradvis afvikling. I USA kan en tilsvarende udvikling ses; boksning d\u00f8r stille og roligt ud p\u00e5 bekostning af mere moderne kampsport &#8211; mixed martial arts, MMA. Jeg er for l\u00e6ngst holdt&#8230;<\/p>\n","protected":false},"author":1,"featured_media":0,"parent":0,"menu_order":0,"comment_status":"closed","ping_status":"closed","template":"","meta":{"footnotes":""},"class_list":["post-2","page","type-page","status-publish","hentry","no-post-thumbnail"],"_links":{"self":[{"href":"https:\/\/boksehistorie.dk\/index.php?rest_route=\/wp\/v2\/pages\/2","targetHints":{"allow":["GET"]}}],"collection":[{"href":"https:\/\/boksehistorie.dk\/index.php?rest_route=\/wp\/v2\/pages"}],"about":[{"href":"https:\/\/boksehistorie.dk\/index.php?rest_route=\/wp\/v2\/types\/page"}],"author":[{"embeddable":true,"href":"https:\/\/boksehistorie.dk\/index.php?rest_route=\/wp\/v2\/users\/1"}],"replies":[{"embeddable":true,"href":"https:\/\/boksehistorie.dk\/index.php?rest_route=%2Fwp%2Fv2%2Fcomments&post=2"}],"version-history":[{"count":0,"href":"https:\/\/boksehistorie.dk\/index.php?rest_route=\/wp\/v2\/pages\/2\/revisions"}],"wp:attachment":[{"href":"https:\/\/boksehistorie.dk\/index.php?rest_route=%2Fwp%2Fv2%2Fmedia&parent=2"}],"curies":[{"name":"wp","href":"https:\/\/api.w.org\/{rel}","templated":true}]}}